0575.
3, 5, 914941
List the prime factors of 1303491132.
2, 3, 36208087
List the prime factors of 148859037.
3, 2663, 6211
What are the prime factors of 46581921?
3, 17, 304457
List the prime factors of 2833281095.
5, 566656219
What are the prime factors of 116940440?
2, 5, 19, 151, 1019
List the prime factors of 1294108269.
3, 431369423
List the prime factors of 74618505.
3, 5, 13, 229, 557
List the prime factors of 43671664.
2, 23, 118673
What are the prime factors of 593441233?
7, 11, 700639
List the prime factors of 226474195.
5, 29, 1561891
List the prime factors of 994047806.
2, 497023903
List the prime factors of 950788566.
2, 3, 7, 13, 43, 13499
What are the prime factors of 992028760?
2, 5, 19, 1305301
What are the prime factors of 4212301?
113, 37277
What are the prime factors of 109077555?
3, 5, 29, 250753
What are the prime factors of 6980016301?
19, 641, 573119
List the prime factors of 475185667.
11, 43198697
List the prime factors of 200686475.
5, 11, 47, 15527
What are the prime factors of 103678820?
2, 5, 7, 19, 38977
List the prime factors of 1011924213.
3, 9941, 33931
List the prime factors of 513005568.
2, 3, 83497
What are the prime factors of 2055935572?
2, 513983893
List the prime factors of 1061495117.
73, 14541029
List the prime factors of 216767020.
2, 5, 107, 101293
What are the prime factors of 219201918?
2, 3, 13, 73, 137, 281
What are the prime factors of 28320136?
2, 13, 307, 887
What are the prime factors of 28551857?
17, 1679521
List the prime factors of 581763216.
2, 3, 12120067
List the prime factors of 150586094.
2, 75293047
List the prime factors of 423139258.
2, 211569629
List the prime factors of 265954598.
2, 7, 13, 1461289
List the prime factors of 508697472.
2, 3, 1324733
List the prime factors of 3057470651.
3057470651
What are the prime factors of 505972369?
7, 61, 1184947
What are the prime factors of 494635138?
2, 67, 3691307
What are the prime factors of 361116209?
361116209
What are the prime factors of 3947092?
2, 197, 5009
What are the prime factors of 143417228?
2, 131, 273697
List the prime factors of 626872773.
3, 17, 12291623
List the prime factors of 305487860.
2, 5, 15274393
List the prime factors of 426180363.
3, 7, 23, 41, 21521
List the prime factors of 14944265.
5, 7, 181, 337
What are the prime factors of 2404087106?
2, 1202043553
List the prime factors of 92300824.
2, 7, 11, 149839
List the prime factors of 58164088.
2, 59, 123229
What are the prime factors of 21988321?
157, 140053
List the prime factors of 270155746.
2, 7, 23, 838993
List the prime factors of 1362592096.
2, 42581003
List the prime factors of 71385167.
7, 73, 139697
What are the prime factors of 481732821?
3, 19, 41, 68711
List the prime factors of 1110744250.
2, 5, 7, 11, 8243
List the prime factors of 132704801.
313, 423977
What are the prime factors of 1359059567?
29, 47, 997109
List the prime factors of 3986215449.
3, 587, 1187, 1907
List the prime factors of 1163188296.
2, 3, 5385131
List the prime factors of 427114550.
2, 5, 8542291
List the prime factors of 51669561.
3, 29, 593903
What are the prime factors of 52781871?
3, 31, 97, 5851
What are the prime factors of 703778390?
2, 5, 7, 10053977
What are the prime factors of 793245508?
2, 11, 47, 34871
What are the prime factors of 20008175?
5, 11, 31, 2347
List the prime factors of 27501379.
19, 1447441
List the prime factors of 116118498.
2, 3, 31, 197, 3169
List the prime factors of 22486981.
11, 2044271
List the prime factors of 1429797090.
2, 3, 5, 139, 199, 1723
What are the prime factors of 97380618?
2, 3, 71, 228593
List the prime factors of 85013713.
359, 236807
What are the prime factors of 580001884?
2, 7, 11, 79, 197
List the prime factors of 901625008.
2, 601, 93763
List the prime factors of 1005123222.
2, 3, 18613393
List the prime factors of 47740580.
2, 5, 1117, 2137
What are the prime factors of 56989332?
2, 3, 58631
List the prime factors of 6608236773.
3, 2202745591
What are the prime factors of 1227263933?
7, 175323419
What are the prime factors of 2447752898?
2, 43, 28462243
What are the prime factors of 3902694800?
2, 5, 79, 123503
List the prime factors of 53857265.
5, 7, 11, 59, 2371
List the prime factors of 15926199.
3, 19, 279407
What are the prime factors of 43512222?
2, 3, 13, 37, 15077
What are the prime factors of 2296315616?
2, 7, 541, 2707
What are the prime factors of 72099119?
72099119
List the prime factors of 7936381.
43, 184567
What are the prime factors of 58807057?
937, 62761
What are the prime factors of 448804051?
448804051
List the prime factors of 498408772.
2, 124602193
What are the prime factors of 843432729?
3, 73, 3851291
List the prime factors of 476395914.
2, 3, 1237, 64187
List the prime factors of 204513647.
13, 59, 266641
What are the prime factors of 47408901?
3, 71, 73, 3049
List the prime factors of 30324551.
19, 1596029
What are the prime factors of 1674596755?
5, 13, 991, 25997
What are the prime factors of 1249140404?
2, 312285101
What are the prime factors of 131878303?
1031, 127913
List the prime factors of 2750433734.
2, 347, 3963161
List the prime factors of 28254958.
2, 14127479
What are the prime factors of 340324620?
2, 3, 5, 193, 29389
What are the prime factors of 11883842?
2, 5941921
What are the prime factors of 6946261656?
2, 3, 29, 41, 243421
What are the prime factors of 616333480?
2, 5, 7, 2201191
List the prime factors of 41132022.
2, 3, 109, 577
What are the prime factors of 11505062?
2, 5752531
What are the prime factors of 98242996?
2, 19, 449, 2879
What are the prime factors of 116992409?
29, 37, 107, 1019
What are the prime factors of 108584960?
2, 5, 11, 241
What are the prime factors of 25006353?
3, 8335451
List the prime factors of 71178913.
13, 421177
What are the prime factors of 56386352?
2, 11, 320377
List the prime factors of 1230353903.
17, 83, 871973
List the prime factors of 122988843.
3, 19, 23, 31271
What are the prime factors of 97950531?
3, 7, 4664311
List the prime factors of 129528332.
2, 32382083
List the prime factors of 738669849.
3, 271, 908573
What are the prime factors of 63898293?
3, 61, 349171
List the prime factors of 738959616.
2, 3, 67, 4787
List the prime factors of 474784090.
2, 5, 11, 4316219
List the prime factors of 377141700.
2, 3, 5, 13, 96703
List the prime factors of 109320573.
3, 36440191
What are the prime factors of 1025672064?
2, 3, 2671021
What are the prime factors of 44185182?
2, 3, 761, 9677
List the prime factors of 212859336.
2, 3, 433, 20483
What are the prime factors of 9346956436?
2, 8951, 261059
List the prime factors of 204209468.
2, 2131, 23957
What are the prime factors of 60209208?
2, 3, 836239
List the prime factors of 2593805382.
2, 3, 7, 137, 50087
List the prime factors of 1415585335.
5, 83, 3411049
What are the prime factors of 83524835?
5, 2543, 6569
List the prime factors of 52575093.
3, 47, 124291
What are the prime factors of 20937398?
2, 10468699
What are the prime factors of 731305806?
2, 3, 7, 11, 47, 33679
What are the prime factors of 249463922?
2, 73, 1708657
List the prime factors of 74400373.
74400373
List the prime factors of 127816661.
7, 1471, 12413
What are the prime factors of 70283922?
2, 3, 41, 285707
List the prime factors of 71967571.
13, 5535967
What are the prime factors of 68856769?
68856769
What are the prime factors of 683267730?
2, 3, 5, 227, 100333
What are the prime factors of 25849465?
5, 5169893
List the prime factors of 1087720227.
3, 11, 19, 578267
What are the prime factors of 306339653?
71, 4314643
What are the prime factors of 166192106?
2, 41, 2026733
What are the prime factors of 296734050?
2, 3, 5, 73, 3011
What are the prime factors of 41970000?
2, 3, 5, 1399
What are the prime factors of 377602388?
2, 29, 3255193
List the prime factors of 6336961818.
2, 3, 11, 1861, 51593
What are the prime factors of 1175789849?
13, 3181, 28433
List the prime factors of 282244161.
3, 94081387
List the prime factors of 113281703.
47, 2410249
What are the prime factors of 287595396?
2, 3, 11, 113, 6427
What are the prime factors of 205017067?
205017067
List the prime factors of 20362530.
2, 3, 5, 809, 839
What are the prime factors of 32882146?
2, 11, 1494643
What are the prime factors of 7031590